d thousands digit of 584825?
5
What is the millions digit of 2469211?
2
What is the thousands digit of 200467?
0
What is the tens digit of 154029?
2
What is the ten millions digit of 13743720?
1
What is the hundreds digit of 183546?
5
What is the units digit of 184452?
2
What is the ten thousands digit of 132873?
3
What is the hundred thousands digit of 3826721?
8
What is the tens digit of 615784?
8
What is the thousands digit of 190947?
0
What is the thousands digit of 565577?
5
What is the thousands digit of 21035652?
5
What is the thousands digit of 320037?
0
What is the tens digit of 1702998?
9
What is the millions digit of 17484710?
7
What is the thousands digit of 361594?
1
What is the hundreds digit of 4135449?
4
What is the hundred thousands digit of 2124277?
1
What is the thousands digit of 16897177?
7
What is the hundred thousands digit of 230334?
2
What is the hundreds digit of 90464?
4
What is the units digit of 202522?
2
What is the ten thousands digit of 7192706?
9
What is the hundreds digit of 780165?
1
What is the units digit of 4659500?
0
What is the tens digit of 12310218?
1
What is the millions digit of 5782746?
5
What is the hundred thousands digit of 159297?
1
What is the hundred thousands digit of 824287?
8
What is the hundreds digit of 5268654?
6
What is the units digit of 627831?
1
What is the units digit of 86437?
7
What is the hundreds digit of 14470235?
2
What is the hundreds digit of 1253090?
0
What is the thousands digit of 9548231?
8
What is the hundreds digit of 211710?
7
What is the ten thousands digit of 2096649?
9
What is the thousands digit of 199531?
9
What is the tens digit of 367730?
3
What is the tens digit of 237355?
5
What is the ten thousands digit of 427007?
2
What is the units digit of 157797?
7
What is the hundreds digit of 656149?
1
What is the thousands digit of 2800579?
0
What is the ten thousands digit of 10077319?
7
What is the thousands digit of 11212948?
2
What is the hundred thousands digit of 6929461?
9
What is the hundreds digit of 17615880?
8
What is the ten thousands digit of 1148695?
4
What is the tens digit of 5113069?
6
What is the millions digit of 2832967?
2
What is the ten thousands digit of 5608715?
0
What is the thousands digit of 736881?
6
What is the tens digit of 332833?
3
What is the hundreds digit of 1860968?
9
What is the tens digit of 105756?
5
What is the hundreds digit of 721549?
5
What is the ten thousands digit of 4410599?
1
What is the units digit of 1033376?
6
What is the hundreds digit of 635206?
2
What is the ten thousands digit of 532350?
3
What is the tens digit of 165473?
7
What is the millions digit of 7760553?
7
What is the ten thousands digit of 16402754?
0
What is the hundreds digit of 2773741?
7
What is the hundreds digit of 424671?
6
What is the tens digit of 420464?
6
What is the tens digit of 5717477?
7
What is the thousands digit of 3092488?
2
What is the millions digit of 1465833?
1
What is the units digit of 94006?
6
What is the thousands digit of 594334?
4
What is the hundred thousands digit of 26211720?
2
What is the hundreds digit of 3839051?
0
What is the units digit of 486326?
6
What is the hundred thousands digit of 3530667?
5
What is the ten thousands digit of 34230?
3
What is the units digit of 557976?
6
What is the hundreds digit of 618358?
3
What is the ten thousands digit of 618798?
1
What is the thousands digit of 6248?
6
What is the ten thousands digit of 8249192?
4
What is the thousands digit of 40767468?
7
What is the units digit of 169916?
6
What is the hundreds digit of 103060?
0
What is the hundreds digit of 11418856?
8
What is the tens digit of 346079?
7
What is the units digit of 225203?
3
What is the units digit of 9281607?
7
What is the thousands digit of 334850?
4
What is the hundreds digit of 1468288?
2
What is the tens digit of 635495?
9
What is the thousands digit of 260187?
0
What is the hundreds digit of 334771?
7
What is the ten thousands digit of 639984?
3
What is the tens digit of 2270717?
1
What is the millions digit of 14252493?
4
What is the units digit of 1558125?
5
What is the hundred thousands digit of 127073?
1
What is the ten thousands digit of 209129?
0
What is the ten thousands digit of 1327725?
2
What is the tens digit of 117001?
0
What is the thousands digit of 1366773?
6
What is the hundred thousands digit of 191887?
1
What is the tens digit of 1132540?
4
What is the units digit of 2088637?
7
What is the tens digit of 1053998?
9
What is the ten thousands digit of 691270?
9
What is the hundreds digit of 922567?
5
What is the units digit of 1323897?
7
What is the hundred thousands digit of 268874?
2
What is the tens digit of 755899?
9
What is the units digit of 592691?
1
What is the hundred thousands digit of 357445?
3
What is the units digit of 2553835?
5
What is the ten thousands digit of 115927?
1
What is the hundred thousands digit of 2061023?
0
What is the thousands digit of 8349853?
9
What is the hundred thousands digit of 3904321?
9
What is the hundred thousands digit of 403981?
4
What is the units digit of 24486406?
6
What is the millions digit of 1199476?
1
What is the hundred thousands digit of 4346343?
3
What is the units digit of 607742?
2
What is the tens digit of 1381874?
7
What is the hundreds digit of 811897?
8
What is the ten thousands digit of 423770?
2
What is the hundred thousands digit of 1813607?
8
What is the tens digit of 176057?
5
What is the millions digit of 1536648?
1
What is the units digit of 328562?
2
What is the hundred thousands digit of 1924074?
9
What is the units digit of 252822?
2
What is the hundred thousands digit of 555811?
5
What is the ten thousands digit of 531624?
3
What is the hundred thousands digit of 609496?
6
What is the hundred thousands digit of 2477095?
4
What is the hundreds digit of 140988?
9
What is the hundred thousands digit of 251248?
2
What is the ten thousands digit of 366366?
6
What is the hundred thousands digit of 1501870?
5
What is the tens digit of 1326387?
8
What is the ten thousands digit of 978542?
7
What is the hundreds digit of 528478?
4
What is the millions digit of 5950461?
5
What is the ten thousands digit of 4366065?
6
What is the units digit of 748558?
8
What is the units digit of 484453?
3
What is the hundreds digit of 688972?
9
What is the millions digit of 1159263?
1
What is the thousands digit of 28400302?
0
What is the tens digit of 366644?
4
What is the hundreds digit of 6031260?
2
What is the hundreds digit of 2252747?
7
What is the hundreds digit of 564337?
3
What is the hundred thousands digit of 1177056?
1
What is the ten millions digit of 10043361?
1
What is the thousands digit of 2181430?
1
What is the units digit of 9929098?
8
What is the ten thousands digit of 1368627?
6
What is the units digit of 975678?
8
What is the hundred thousands digit of 238631?
2
What is the millions digit of 6537162?
6
What is the hundred thousands digit of 8375925?
3
What is the ten thousands digit of 952428?
5
What is the hundred thousands digit of 2821160?
8
What is the hundreds digit of 4064158?
1
What is the hundred thousands digit of 2895173?
8
What is the ten thousands digit of 43063?
4
What is the hundred thousands digit of 483429?
4
What is the ten millions digit of 11339033?
1
What is the units digit of 7938663?
3
What is the thousands digit of 20238438?
8
What is the thousands digit of 8533558?
3
What is the tens digit of 376962?
6
What is the hundred thousands digit of 355708?
3
What is the hundred thousands digit of 4233076?
2
What is the thousands digit of 255562?
5
What is the thousands digit of 1181928?
1
What is the units digit of 14723858?
8
What is the hundreds digit of 1688940?
9
What is the hundred thousands digit of 1684810?
6
What is the millions digit of 4844564?
4
What is the thousands digit of 517489?
7
What is the hundreds digit of 15074545?
5
What is the hundred thousands digit of 230211?
2
What is the hundreds digit of 101124?
1
What is the units digit of 1923344?
4
What is the ten thousands digit of 3230450?
3
What is the units digit of 3639247?
7
What is the units digit of 5619173?
3
What is the units digit of 3581076?
6
What is the units digit of 16971036?
6
What is the hundreds digit of 1084824?
8
What is the